{"version":"1.0","provider_name":"Esti s\u00e9rt\u00e9s","provider_url":"https:\/\/estisertes.cafeblog.hu","author_name":"nos","author_url":"https:\/\/estisertes.cafeblog.hu\/author\/nos-2\/","title":"\u00c9rt\u00e9kcs\u00f6kkent \u00e1ru","html":"<P>&nbsp;&nbsp;&nbsp;&nbsp;&nbsp; Id\u0151nk\u00e9nt megn\u00e9zem a neten gyermekem apj\u00e1t. \u00dari passzi\u00f3, unatkoz\u00f3 elhagyott any\u00e1k hobbija, felesleges id\u0151fecs\u00e9rl\u00e9s. Tudom. \u00c9vekig rem\u00e9ltem, jobb bel\u00e1t\u00e1sra t\u00e9r, meggy\u0171rik az \u00e9vek \u00e9s kicsit megt\u00f6rten, de nem megal\u00e1zkodva visszat\u00e9r. Nem hozz\u00e1m, a gyerekhez. \u00c9s akkor \u00e9n mindent- v\u00e9gre l\u00e1tv\u00e1nyosan is- megbocs\u00e1thatok. Hazudn\u00e9k, ha azt mondan\u00e1m: haragszom. Gy\u0171l\u00f6ltem, amikor sz\u00fcl\u0151i nyom\u00e1sra felh\u00edvott, \u00e9s az \u00e9rdekelte, van-e m\u00e1r valakim. F\u00e9l\u00e9ves pici gyerekkel, kar\u00e1csonykor \u00e9ppen nem erre a k\u00e9rd\u00e9sre v\u00e1gytam. Gy\u0171l\u00f6ltem a b\u00edr\u00f3s\u00e1gon is, mert ott \u00e9reztem el\u0151sz\u00f6r k\u00ednosnak: \u00e9n valamilyen \u00e9rtelemben hozz\u00e1 tartozom, egym\u00e1shoz k\u00f6z\u00fcnk van, szerelm\u00fcnknek gy\u00fcm\u00f6lcse... amir\u0151l \u0151 nem \u00f3hajt tudom\u00e1st se venni, nemhogy gondoskodni r\u00f3la. <\/P>\r\n<P>&nbsp;&nbsp;&nbsp;&nbsp;&nbsp; \u00c9vekig sirattam, \u00e9s v\u00e1rtam. D\u00e9delgettem a k\u00f6z\u00f6s eml\u00e9keinket, nevelgettem a kis gy\u00fcm\u00f6lcs\u00f6t, okosan v\u00e1laszolgattam a tapintatlan k\u00e9rd\u00e9sekre- elvittem a balh\u00e9t. N\u00e9ha m\u00e9g ut\u00e1lom emiatt, hogy neki semmi gondja. Nem ideges, ha l\u00e1zas a gyerek, vagy az iskol\u00e1ban b\u00e1ntj\u00e1k, nem b\u00fcszke r\u00e1, amikor lehetne, nem tan\u00edtja semmire. <\/P>\r\n<P>&nbsp;&nbsp;&nbsp;&nbsp; Nem \u0151t keresem a t\u00f6bbi f\u00e9rfiban. B\u00e1r k\u00e9ts\u00e9gk\u00edv\u00fcl vonzom a neurotikus fi\u00fakat- ez \u00fagy t\u0171nik el\u00e9v\u00fclhetetlen \u00e9rdemem: h\u00e1rpia anyu sz\u00e1rnyai al\u00f3l az \u00e9n szokny\u00e1m al\u00e1 menek\u00fclne minden meg nem \u00e9rtett zseni. \u00c9n persze mindenkit meg\u00e9rtek, mert a gy\u00f6trelmes gyermekkor kiv\u00e1l\u00f3 aj\u00e1nl\u00f3 lev\u00e9l, egyfajta k\u00f6z\u00f6s nevez\u0151, mindennek alapja \u00e9s oka. Vil\u00e1g lelki nyomor\u00e9kjai egyes\u00fcljetek! <\/P>\r\n<P>&nbsp;&nbsp;&nbsp;&nbsp; Most megt\u00f6rt a \"sz\u00e1zegyszer t\u00f6rt var\u00e1zs\". Napokig b\u00e1multam \u00e9rtetlen\u00fcl, nem hittem el, hogy ennyire megv\u00e1ltozhat az, akit valaha szerettem. Nem \u0151 az. Ki kellene \u00edrni, ha nem lenne megengedhetetlen\u00fcl gonosz cs\u00edny: \u00c9RT\u00c9KCS\u00d6KKENT \u00c1RU.<\/P>","type":"rich"}

Esti sértés

Értékcsökkent áru

<P>&nbsp;&nbsp;&nbsp;&nbsp;&nbsp; Időnként megnézem a neten gyermekem apját. Úri passzió, unatkozó elhagyott anyák hobbija, felesleges időfecsérlés. Tudom. Évekig reméltem, jobb belátásra tér, meggyűrik az évek és kicsit megtörten, de nem megalázkodva visszatér. Nem hozzám, a gyerekhez. És akkor én mindent- végre látványosan is- megbocsáthatok. Hazudnék, ha azt mondanám: haragszom. Gyűlöltem, amikor szülői nyomásra felhívott, és az érdekelte, van-e már valakim. Féléves pici gyerekkel, karácsonykor éppen nem erre a kérdésre vágytam. Gyűlöltem a bíróságon is, mert ott éreztem először kínosnak: én valamilyen értelemben hozzá tartozom, egymáshoz közünk van, szerelmünknek gyümölcse... amiről ő nem óhajt tudomást se venni, nemhogy gondoskodni róla. </P>
<P>&nbsp;&nbsp;&nbsp;&nbsp;&nbsp; Évekig sirattam, és vártam. Dédelgettem a közös emlékeinket, nevelgettem a kis gyümölcsöt, okosan válaszolgattam a tapintatlan kérdésekre- elvittem a balhét. Néha még utálom emiatt, hogy neki semmi gondja. Nem ideges, ha lázas a gyerek, vagy az iskolában bántják, nem büszke rá, amikor lehetne, nem tanítja semmire. </P>
<P>&nbsp;&nbsp;&nbsp;&nbsp; Nem őt keresem a többi férfiban. Bár kétségkívül vonzom a neurotikus fiúkat- ez úgy tűnik elévülhetetlen érdemem: hárpia anyu szárnyai alól az én szoknyám alá menekülne minden meg nem értett zseni. Én persze mindenkit megértek, mert a gyötrelmes gyermekkor kiváló ajánló levél, egyfajta közös nevező, mindennek alapja és oka. Világ lelki nyomorékjai egyesüljetek! </P>
<P>&nbsp;&nbsp;&nbsp;&nbsp; Most megtört a "százegyszer tört varázs". Napokig bámultam értetlenül, nem hittem el, hogy ennyire megváltozhat az, akit valaha szerettem. Nem ő az. Ki kellene írni, ha nem lenne megengedhetetlenül gonosz csíny: ÉRTÉKCSÖKKENT ÁRU.</P>
