{"version":"1.0","provider_name":"Esti s\u00e9rt\u00e9s","provider_url":"https:\/\/estisertes.cafeblog.hu","author_name":"nos","author_url":"https:\/\/estisertes.cafeblog.hu\/author\/nos-2\/","title":"\"Mindenki f\u00fcgg valamit\u0151l...\"","html":"<P>&nbsp;&nbsp;&nbsp;&nbsp;\"Elsz\u00e1llok a f\u00fcst ut\u00e1n, sohanap holnaput\u00e1n.\" <\/P>\r\n<P>&nbsp;Lenn\u00e9nek gondolataim, de elsz\u00e1llnak \u0151k is. Most ink\u00e1bb \u00e9rzek. H\u00e1rom nap massz\u00edv kialvatlans\u00e1g ut\u00e1n f\u00f6ldet \u00e9rek, belezuhanok v\u00e9gre a porba, amely fullaszt\u00f3an az eny\u00e9m, megnyugtat\u00f3an ismer\u0151s. Minden csoda h\u00e1rom napig tart, s \u00edgy van ez j\u00f3l. <\/P>\r\n<P>&nbsp;&nbsp; Ha tegnap sem alszom, belehalok. Tal\u00e1n jobb lenne \"belehalottnak\" lenni, mint meggy\u00f6t\u00f6rten, b\u00fcszk\u00e9n v\u00e1rni a TAL\u00c1N-t. <\/P>\r\n<P>&nbsp;&nbsp;&nbsp; F\u00fcgg\u0151 vagyok, ami m\u00e1r soha nem akartam lenni. Ebben az \u00e9letemben ebb\u0151l- \u00fagy t\u0171nik- nincs feloldoz\u00e1s. <\/P>","type":"rich"}

Esti sértés

"Mindenki függ valamitől..."

<P>&nbsp;&nbsp;&nbsp;&nbsp;"Elszállok a füst után, sohanap holnapután." </P>
<P>&nbsp;Lennének gondolataim, de elszállnak ők is. Most inkább érzek. Három nap masszív kialvatlanság után földet érek, belezuhanok végre a porba, amely fullasztóan az enyém, megnyugtatóan ismerős. Minden csoda három napig tart, s így van ez jól. </P>
<P>&nbsp;&nbsp; Ha tegnap sem alszom, belehalok. Talán jobb lenne "belehalottnak" lenni, mint meggyötörten, büszkén várni a TALÁN-t. </P>
<P>&nbsp;&nbsp;&nbsp; Függő vagyok, ami már soha nem akartam lenni. Ebben az életemben ebből- úgy tűnik- nincs feloldozás. </P>
